= -2*c - 12. Let z(x) be the second derivative of -x**3/6 + x**2/2 - 2*x. Give z(c).
2
Let b(t) = -t + 3. Suppose g - 38 = 4*y, -5*y - 106 = -5*g - 6*y. Let k(l) = -6*l + 16. Let q(z) = g*b(z) - 4*k(z). Calculate q(-2).
-2
Let x(w) be the third derivative of -w**4/24 + 2*w**3/3 - w**2. What is x(3)?
1
Let j = -4 + 0. Let q(f) = 4 - f**3 - 2 + 328*f - 5*f**2 - 165*f - 167*f. What is q(j)?
2
Let g(l) be the first derivative of -l**3/3 - 3*l**2/2 + 2*l + 2. Suppose -18*v + 19*v = -2. Calculate g(v).
4
Let i(v) = v**3 - 6*v**2 + 8*v - 3. Let j = -7 + 13. Suppose -j*n = -2*n - 20. What is i(n)?
12
Let m(b) be the third derivative of b**6/120 + b**5/12 + b**4/24 - b**3 + 11*b**2. Calculate m(-5).
-11
Let p be -3*(-1 + 0/2). Let a(r) = r**3 - 3*r**2 - r. What is a(p)?
-3
Suppose -5*h + 1 = -19. Suppose 0*a + 2*s - 8 = -h*a, -3*s - 8 = a. Let f(j) be the second derivative of j**3/6 - 2*j**2 + 6*j. Give f(a).
0
Let c(o) be the first derivative of 3/2*o**2 + 1/20*o**5 + 2 + 1/2*o**3 - 3*o - 5/12*o**4. Let j(d) be the first derivative of c(d). Determine j(3).
-6
Suppose -c - 11 = -2*i, i + 4*i = 4*c + 23. Let s = 1 - i. Let x(a) = -a - 8. Determine x(s).
-2
Suppose -16 = 2*o - 6. Let w(r) be the first derivative of -2 - 4/3*r**3 + 3*r**2 + 3*r - 1/4*r**4. Calculate w(o).
-2
Let l(w) be the first derivative of -6 + w**3 + w**2 - w + 1/4*w**4. Give l(-3).
-7
Let d(o) = -2 - 6*o**2 + 2*o**2 - o**3 + 3*o**3 + 4*o. Let v = 6 + 0. Let a be 40/22 - v/(-33). Determine d(a).
6
Let d(l) = l**3 - l - 25. Suppose 7 = 5*a + 7. Determine d(a).
-25
Suppose 3*s - 3*u = 4*s + 21, -3*s + 2 = -4*u. Let w(f) = -f**2 - 7*f + 5. Calculate w(s).
11
Suppose -g - 4 = -5. Let p(u) = -4*u + 3. Let i(c) = -8*c + 5. Let j(h) = -4*i(h) + 7*p(h). Give j(g).
5
Let w(u) = -4*u**2 - 5*u + 4. Let k(b) = -11*b**2 - 15*b + 13. Let p(t) = -3*k(t) + 8*w(t). Give p(-5).
-7
Let r(a) = a + 4. Let w(y) = -y - 5. Let s(t) = 5*r(t) + 6*w(t). Let g(v) = -v**3 - 6*v**2 + 2*v + 6. Let k = -9 + 3. Let h be g(k). Give s(h).
-4
Let v(y) = -y**3 - 8*y**2 + 10*y + 9. Let j = 136 - 145. Determine v(j).
0
Suppose -3*k = 12*k - 105. Let x(c) = -2*c + 9. Determine x(k).
-5
Let i(s) = -s**3 - 5*s**2 + 6*s + 2. Let y be i(-6). Let b(w) = -w**y + 1 + 6*w**2 - w**2 - w. Determine b(1).
4
Let l(j) = 6*j**2 - 5 + 6 - j**3 + 4*j + 2*j**3 + 4. Let w be (-2)/(-3) + 51/(-9). Calculate l(w).
10
Let p(v) = 4*v + 78. Let d be p(-19). Let u(f) = -4*f**2 + 4*f - 2. Give u(d).
-10
Let k(g) be the second derivative of 1/4*g**4 + 5/6*g**3 - 2*g**2 - 7*g + 0 - 1/20*g**5. Calculate k(4).
0
Suppose b = -g - 0*g + 1, -5*b + 4*g + 5 = 0. Let p(m) = 8*m**2. What is p(b)?
8
Let q(s) = -5*s**2 - s + 7. Let f(g) be the second derivative of -g**4/12 - g**3/6 + 2*g. Let h(b) = 6*f(b) - q(b). Let m be (2/4)/((-2)/20). Calculate h(m).
-7
Let i(f) = -f - 2. Let w be i(0). Let k(a) = 3*a. Let z = 39 + -28. Let u(o) = 15*o + 1. Let q(s) = w*u(s) + z*k(s). Give q(-2).
-8
Suppose 4*a + 2*o - 10 = 0, -4*a + 18 = a - 3*o. Let x(b) = 1 - 4*b**2 - 3 - 2*b**3 + 2*b + 3*b**a. Give x(4).
6
Let h(t) = -t**2 + 3*t - 1. Let p = -4 + 6. Let r = 6 - p. What is h(r)?
-5
Let k = -12 + 13. Let r(h) = 2*h**2 - 6*h**2 + 1 - 2*h**2. What is r(k)?
-5
Let p be ((-2)/(-5))/((-1)/(-5)). Suppose 5*m + 6 - 41 = 0. Let s = m - p. Let b(x) = x**2 - 4*x - 2. Calculate b(s).
3
Let q be (-3)/2*(-10)/(-15). Let g(t) = -6*t**3 - 9*t**2 + 3. Let n(j) = -j**3 - j**2 + 1. Let s(a) = q*g(a) + 5*n(a). Determine s(-4).
2
Let c(v) = -5*v**2 - 13*v + 13*v. Suppose 5*i - 2*i + 3 = 0. Determine c(i).
-5
Let d(t) be the first derivative of t**4/12 - t**3 + 3*t**2/2 - 7*t - 7. Let n(p) be the first derivative of d(p). Give n(2).
-5
Let n(m) = -m**2 + 2*m + 3. Let s(c) = -4*c**2 + 7*c + 10. Let l(y) = -7*n(y) + 2*s(y). What is l(-2)?
-5
Let d(f) = -f**3 - 6*f**2 + 5*f - 10. Let z be d(-7). Suppose 0 = 5*n - z*n + 5. Let i(l) = -l**2 - 5*l - 3. Calculate i(n).
-3
Let i = 3 - 7. Let c be i/(-6) + (-22)/6. Let g(y) = -2 - 5*y - y**2 + 0 + y**3 + 2*y**2. Calculate g(c).
-5
Let o(g) = g**3 + 7*g**2 + 7*g - 3. Let w(c) = 3*c**3 + 21*c**2 + 21*c - 8. Let u(j) = 11*o(j) - 4*w(j). Determine u(-5).
-16
Let b be 4/(-18) + 87/27. Let r(f) = f**3 - 3*f**2 - f + 1. Give r(b).
-2
Let d(m) = -182*m**2 + 356*m**2 - 179*m**2 + 1 - m. Suppose 3*z = z - 6. Let n = 4 + z. Give d(n).
-5
Let d(s) = -s**2 - 3*s - 3. Suppose -4*t + 2*u = 7 - 25, 21 = 5*t - 4*u. Suppose -15 = -2*p + j, 4*j + 20 = t*p - 16. Suppose 4*i = -0*i - p. What is d(i)?
-1
Suppose -2*r - 2 = -2*m, 4*m - 2 = 5*r + 1. Suppose l = -v + 10, l = -m*l - 5*v + 38. Suppose 4*p + f = l*p, 4*p = f. Let t(g) = g + 4. Determine t(p).
4
Let w(h) be the second derivative of h**4/3 + h**2/2 + 16*h. Give w(-1).
5
Let q(p) = -p + 0 + 0. Suppose -52 = 8*a - 4. What is q(a)?
6
Let h(m) = 38*m**2 + 36*m**2 - 1 + 3 + m**3 - 75*m**2. What is h(-2)?
-10
Let r(n) be the third derivative of 0 + 3*n**2 + 1/360*n**6 + 1/8*n**4 + 0*n + 0*n**3 + 0*n**5. Let t(l) be the second derivative of r(l). Determine t(-3).
-6
Let k be (-12)/(-16)*(-7 - 1). Let n be (0 - 6)/(4/k). Let q(s) = -3 - 6*s - 2*s + n*s. What is q(0)?
-3
Suppose 0 = -3*g + 4*g - 1. Let h(n) be the first derivative of -n**2/2 + n - 14. Determine h(g).
0
Let f(c) be the first derivative of -2*c**2 - c + 304. Suppose 0 = -r + 3*r - 2. Give f(r).
-5
Let y = -32 - -39. Let x(n) = -n**2 + 4*n - 7. What is x(y)?
-28
Let t(n) = -17*n**3 - n**2 - n. Let q be t(-1). Suppose 13 = 5*c - q. Let d be (c/4)/(3/(-4)). Let s(o) = 3*o + 2. Calculate s(d).
-4
Let t = -187 + 182. Let m(j) = 5*j + 7. Determine m(t).
-18
Let o(w) = w**3 + 13*w**2 - 15*w - 13. Let j be o(-14). Let z(i) = i**3 + 2*i**2 - i. Determine z(j).
2
Let t(c) = -20 + 0*c - 9*c + 19. Let o(j) = -j - 8 - 7*j - j**2 + 0*j**2. Let q be o(-7). What is t(q)?
8
Let q(d) be the third derivative of -d**5/120 - d**4/12 - 7*d**3/6 - 4*d**2. Let t(f) be the first derivative of q(f). Calculate t(-5).
3
Let d(n) be the second derivative of -2*n**3/3 + n**2 + 15*n. Determine d(-2).
10
Let f = -15 - -19. Suppose 10 = 6*p - p - 3*v, f*p + v + 9 = 0. Let d(i) = -i**3 - i**2 - i. Calculate d(p).
1
Suppose h + 3*h - 26 = a, -2*h - 20 = 5*a. Let y(q) be the second derivative of -q**5/20 - q**4/2 + q**2 - q + 16. What is y(a)?
2
Suppose 16 = 3*v + v. Let j be 2/(v/1)*-6. Let h(q) = -4*q**2 - 7*q - 3. Let f(a) = -7*a**2 - 13*a - 5. Let o(p) = -3*f(p) + 5*h(p). Calculate o(j).
-3
Let s be 30/(-2 + (-28)/(-8)). Let i = 15 - s. Let c(w) = -w**2 - 7*w - 7. Determine c(i).
3
Let l be (-4 + 3)*10/(-2). Suppose l*c - 4*s - 13 = 0, -2*c - 11 = -3*c + 5*s. Let y(i) be the second derivative of -3*i**3/2 + i. Determine y(c).
-9
Let r(i) = -3*i + 0*i**3 + 6*i + i**3 - 11 + 10 - 4*i**2. Determine r(3).
-1
Let p(x) = -x**3 + 4*x**2 - x - 1. Let d(h) be the first derivative of h**3/3 - 7*h**2/2 + 4*h - 5. Let b be d(7). Give p(b).
-5
Let o = -68 + 68. Let z(l) be the second derivative of -l**2 + 4*l + o + 1/4*l**4 + 1/20*l**5 + 1/2*l**3. Give z(-3).
-11
Suppose 2 = 2*j - 0. Let t be (j + -3)/(1/2). Let f(s) = 2*s**2 + s - 1. Let k(p) = -5*p**2 - 4*p + 5. Let b(a) = 2*f(a) + k(a). Calculate b(t).
-5
Let n(u) = 2*u + 3. Suppose -4*t = -2*t - 16. Suppose o + o = t. Let h = -6 + o. What is n(h)?
-1
Let j = 1 - 1. Let w(p) = -p + 4. What is w(j)?
4
Let x(d) be the third derivative of d**4/24 - 4*d**3 - 58*d**2. Calculate x(0).
-24
Let z(d) = -5 + 2*d - 2*d - 2*d. Let r(n) = 3*n - 1. Let a be r(-1). Give z(a).
3
Let h(d) = 5*d**3 + 11*d**3 - 3 + 6*d**2 + 3*d**2 - 15*d**3. Calculate h(-9).
-3
Let i(a) = -a**3 - 4*a**2 - 2. Suppose 3*b - 21 = -f - b, -3*b + 37 = 5*f. Let o = f + -9. Determine i(o).
-2
Suppose -4*x = -5*q - 4, 0 = 5*x - 2*x + 4*q - 3. Let p(i) be the second derivative of -i**5/20 + i**4/6 - i**3/6 - 20*i. Determine p(x).
0
Let r(x) = 4*x**3 - 22*x**2 + 31*x - 9. Let i(n) = -n**3 + 7*n**2 - 10*n + 3. Let t(p) = -7*i(p) - 2*r(p). Calculate t(-6).
-15
Let o(d) = 2 - 101*d**3 + 125*d**3 - 2 + 1. Calculate o(-1).
-23
Let x(h) be the second derivative of h**5/20 - h**4/2 + 2*h**3/3 - 3*h**2/2 - 15*h + 1. Determine x(5).
-8
Let z(r) = 3*r + 1. Let o be 4 + (3 + 0 - 8). Calculate z(o).
-2
Let j(l) be the first derivative of 7 + 1/3*l**3 - l**2 + 0*l. Determine j(3).
3
Let z(j) = j**2 + 